the prime factors of 132868542?
2, 3, 31, 809, 883
What are the prime factors of 11848739?
7, 241811
What are the prime factors of 1274202455?
5, 31, 79, 104059
What are the prime factors of 19421357?
67, 289871
What are the prime factors of 6317904459?
3, 2105968153
What are the prime factors of 1016566655?
5, 13, 43, 149, 2441
List the prime factors of 21963943.
19, 1155997
What are the prime factors of 46765400?
2, 5, 11, 29, 733
What are the prime factors of 5656904357?
13, 41, 61, 257, 677
What are the prime factors of 89778208?
2, 13, 1277
What are the prime factors of 3394502695?
5, 937, 724547
List the prime factors of 4319717541.
3, 1439905847
What are the prime factors of 87753604?
2, 21938401
What are the prime factors of 725170291?
725170291
What are the prime factors of 1477243019?
7, 37, 5703641
What are the prime factors of 293001705?
3, 5, 37, 19553
What are the prime factors of 1058460516?
2, 3, 1201, 24481
List the prime factors of 482737743.
3, 53637527
What are the prime factors of 2949066681?
3, 11, 401, 222857
What are the prime factors of 11352177?
3, 19, 22129
List the prime factors of 935248323.
3, 43, 571, 12697
What are the prime factors of 41770333?
11, 587, 6469
List the prime factors of 1657078766.
2, 7, 149, 283, 401
List the prime factors of 202862838.
2, 3, 1117, 30269
What are the prime factors of 304027899?
3, 7, 991, 2087
List the prime factors of 8380933.
11, 41, 18583
What are the prime factors of 4434693?
3, 1478231
What are the prime factors of 74069218?
2, 37034609
What are the prime factors of 136005496?
2, 11, 19, 81343
What are the prime factors of 120587098?
2, 60293549
What are the prime factors of 4132837394?
2, 7, 17, 17364863
What are the prime factors of 167179957?
7, 23882851
List the prime factors of 2820845234.
2, 34499, 40883
What are the prime factors of 1312145992?
2, 164018249
List the prime factors of 1474606409.
1474606409
List the prime factors of 2684725.
5, 17, 6317
What are the prime factors of 620441035?
5, 124088207
What are the prime factors of 110553717?
3, 36851239
List the prime factors of 418059592.
2, 23, 29, 78347
List the prime factors of 46918724.
2, 11729681
What are the prime factors of 206600010?
2, 3, 5, 79, 179, 487
List the prime factors of 94168558.
2, 11, 4280389
List the prime factors of 147147472.
2, 1531, 6007
What are the prime factors of 232557356?
2, 79, 89, 8269
List the prime factors of 78271765.
5, 11, 13, 109471
List the prime factors of 33474917.
7, 4782131
What are the prime factors of 3243812271?
3, 7, 59, 2618089
What are the prime factors of 3956355?
3, 5, 13, 6763
List the prime factors of 39118044.
2, 3, 7, 163, 2857
What are the prime factors of 1508744998?
2, 823, 916613
What are the prime factors of 130673412?
2, 3, 19, 21227
What are the prime factors of 790276671?
3, 17, 19, 271853
List the prime factors of 46438671.
3, 811, 19087
List the prime factors of 59507680.
2, 5, 83, 4481
List the prime factors of 178451002.
2, 19, 103, 127, 359
List the prime factors of 106318686.
2, 3, 37, 478913
List the prime factors of 69335514.
2, 3, 427997
List the prime factors of 47321378.
2, 13, 463, 3931
What are the prime factors of 2969877715?
5, 7, 84853649
What are the prime factors of 120118224?
2, 3, 2502463
List the prime factors of 328493308.
2, 11, 13, 574289
List the prime factors of 90660305.
5, 19, 954319
What are the prime factors of 147922870?
2, 5, 14792287
List the prime factors of 348991407.
3, 3539, 10957
List the prime factors of 116943827.
7, 11, 13, 116827
What are the prime factors of 99792391?
99792391
List the prime factors of 717442485.
3, 5, 257, 186107
List the prime factors of 465703757.
277, 1681241
List the prime factors of 22114063.
23, 659, 1459
What are the prime factors of 65539426?
2, 107, 306259
What are the prime factors of 515561337?
3, 57284593
What are the prime factors of 181011346?
2, 131, 523, 1321
List the prime factors of 2387281508.
2, 17, 29, 263, 4603
List the prime factors of 2494343.
59, 67, 631
What are the prime factors of 1763350207?
6073, 290359
List the prime factors of 305359948.
2, 76339987
List the prime factors of 23925351.
3, 19, 419743
List the prime factors of 241194558.
2, 3, 11, 3654463
List the prime factors of 78467256.
2, 3, 7, 155689
List the prime factors of 32301736.
2, 487, 8291
List the prime factors of 109684200.
2, 3, 5, 31, 5897
What are the prime factors of 1192828163?
37, 32238599
List the prime factors of 306947487.
3, 7, 11, 1328777
What are the prime factors of 63396068?
2, 15849017
What are the prime factors of 239200031?
7, 34171433
List the prime factors of 65550398.
2, 32775199
List the prime factors of 79903279.
1381, 57859
List the prime factors of 263115500.
2, 5, 526231
What are the prime factors of 1712333654?
2, 389, 2200943
List the prime factors of 9644033.
7, 196817
What are the prime factors of 3877867400?
2, 5, 11, 509, 3463
List the prime factors of 2497850626.
2, 41, 47, 648119
List the prime factors of 107879568.
2, 3, 19, 23, 37, 139
List the prime factors of 457148271.
3, 152382757
List the prime factors of 103233147.
3, 89, 386641
List the prime factors of 2957788299.
3, 17, 1409, 41161
What are the prime factors of 284819756?
2, 13, 421331
List the prime factors of 651443013.
3, 13, 59, 83, 379
What are the prime factors of 130787959?
23, 5686433
What are the prime factors of 277702214?
2, 19, 103, 70951
List the prime factors of 206951369.
383, 540343
List the prime factors of 18722581.
19, 985399
List the prime factors of 2771848481.
2771848481
List the prime factors of 4530526227.
3, 503391803
What are the prime factors of 30056035?
5, 29, 53, 3911
List the prime factors of 2504930872.
2, 8747, 35797
List the prime factors of 2953587668.
2, 1093, 675569
What are the prime factors of 53329369?
283, 188443
What are the prime factors of 3170665031?
11287, 280913
List the prime factors of 135977532.
2, 3, 31, 365531
What are the prime factors of 1724857833?
3, 574952611
List the prime factors of 8045361614.
2, 31, 61, 2127277
What are the prime factors of 712010815?
5, 5113, 27851
List the prime factors of 23832318.
2, 3, 97, 40949
List the prime factors of 703484903.
11, 63953173
List the prime factors of 125628908.
2, 127, 247301
What are the prime factors of 243901707?
3, 7, 31, 53, 7069
List the prime factors of 722711983.
7, 97, 1064377
List the prime factors of 47702389.
7, 6814627
What are the prime factors of 120851434?
2, 11, 2311, 2377
List the prime factors of 645999414.
2, 3, 2179, 49411
List the prime factors of 9204237.
3, 7, 146099
List the prime factors of 248002549.
139, 1784191
What are the prime factors of 24959598?
2, 3, 1873, 2221
What are the prime factors of 306126632?
2, 7, 19, 43, 6691
List the prime factors of 14439786.
2, 3, 2406631
List the prime factors of 1897037960.
2, 5, 47425949
List the prime factors of 126725879.
7, 593, 30529
List the prime factors of 198990598.
2, 59, 269, 6269
What are the prime factors of 5687122645?
5, 101, 11261629
List the prime factors of 397502749.
7, 41, 241, 821
List the prime factors of 2515406468.
2, 7907, 79531
What are the prime factors of 40202182?
2, 20101091
What are the prime factors of 1791780366?
2, 3, 298630061
What are the prime factors of 174859672?
2, 13, 43, 61, 641
What are the prime factors of 490612382?
2, 13, 433, 43579
List the prime factors of 472443110.
2, 5, 3469, 13619
What are the prime factors of 1297827520?
2, 5, 11, 67, 5503
List the prime factors of 3267861808.
2, 204241363
List the prime factors of 123654363.
3, 7, 1619, 3637
List the prime factors of 5077616387.
31, 2801, 58477
What are the prime factors of 4114659958?
2, 131, 281, 55889
List the prime factors of 677356466.
2, 17, 67, 17491
List the prime factors of 370041835.
5, 8461, 8747
List the prime factors of 454932854.
2, 227466427
List the prime factors of 6878260.
2, 5, 343913
What are the prime factors of 1560497?
67, 23291
List the prime factors of 185800255.
5, 71, 223, 2347
List the prime factors of 254303835.
3, 5, 16953589
List the prime factors of 34689112.
2, 17, 379, 673
List the prime factors of 22538328.
2, 3, 17, 37, 1493
What are the prime factors of 84362536?
2, 2963, 3559
List the pri